0. Suppose 248*t - 255*t + 28 = 0. Give o(t).
-6
Let z(v) = v**2 + 8*v + 3. Let q(t) = -t**3 + 3*t**2 + t - 3. Let c be q(3). Suppose 30 = -4*h - 6*y + 3*y, -y - 2 = c. Determine z(h).
-9
Let s(b) = b - 7. Suppose 0 = u + u + 8. Let x be (-1 - -1)/(u - -3). Calculate s(x).
-7
Let o(y) = -4*y. Let n(s) = s**3 - 9*s**2 - s - 10. Let d be n(9). Let g = -1 - d. Suppose -3*j - 5*u = -g, -3*j + 6 + 3 = 2*u. Determine o(j).
-4
Let d(r) = -r**2 + 4*r. Let b be d(2). Suppose -j + 35 = b*j. Let u be -4 + j + 0 + -2. Let f(x) = -7*x**2 - 2*x + 1. Give f(u).
-8
Let u(g) be the first derivative of -5*g**2/2 + 12. Let w(p) = 2*p + 1 + 0*p - p. Let o(j) = u(j) + 3*w(j). Determine o(3).
-3
Let z(g) be the first derivative of -g**2/2 - 5*g - 1. Let h be z(-5). Let c(x) = -5*x**2 + h + 3 + 3*x + x**3 - 4. Determine c(4).
-5
Let f(g) = g**3 - g**2 + 2. Suppose -3*u - w + 12 = 0, 0*w = -4*u - 3*w + 16. Let t be (-2 - 1/(-2))/((-2)/u). Determine f(t).
20
Let l(x) = 5 + 11 - 8 + x + 6. Let y = 8 + -9. Let q be 10/(-60) - y/6. Give l(q).
14
Let j(n) = 2 + 14*n + n + n - 13*n - n - 3*n**2. Give j(2).
-6
Let l(o) be the third derivative of 0 + 0*o**4 + 1/360*o**6 - 1/120*o**5 + 1/2*o**3 + 0*o + 6*o**2. Let j(f) be the first derivative of l(f). What is j(1)?
0
Let l(w) be the first derivative of w**3/3 + 5*w**2/2 - 6*w + 1. Suppose -4*c = -7*c + 15. Suppose 7*j - c*j + 12 = 0. Determine l(j).
0
Let l(z) = z**2 + 4*z - 1. Let o be l(-5). Suppose 9*p = o*p + 100. Let b = -14 + p. Let k(c) = -c**3 + 5*c**2 + 8*c - 4. Determine k(b).
8
Let v(h) = -2*h. Let t(z) = 4*z - 3. Let y(j) = t(j) + 6*v(j). What is y(7)?
-59
Let x(q) = q - 1. Let p be (-1)/(-5) + (9 - 1140/75). Give x(p).
-7
Let k = -53 + 67. Suppose -v - k = -3. Let n(h) = -h - 6. Determine n(v).
5
Suppose 13*i - 9*i - 32 = 0. Suppose 0 = 10*y - i*y + 8. Let u(r) = -3*r + 5. Determine u(y).
17
Let z(a) be the third derivative of -a**4/12 + 5*a**3 - 7*a**2. Let j be z(14). Let l(o) = o**3 - 2*o**2 - 2*o + 1. Calculate l(j).
-3
Let q(m) = 6*m - 5. Let s(u) = -5*u + 4. Suppose 3*x + 39 = 51. Let r(c) = x*q(c) + 5*s(c). Calculate r(-4).
4
Let d(f) = -2 + 2*f + 7 + 6 - 5 - 5. Calculate d(4).
9
Let f(j) = -2*j**3 + 2*j + 2. Suppose -64 = 110*i - 46*i. Calculate f(i).
2
Let k(f) = f**3 - 5*f**2 + f - 3. Suppose 55*o = 51*o + 20. Give k(o).
2
Let w(g) = -g - 5. Suppose 1 = -s - 4*x, 4*s + x = 3*x - 58. Let v(c) = 2*c + 10. Let m(n) = s*w(n) - 6*v(n). Calculate m(-3).
2
Let n(f) = f**2 + 7*f + 9. Let h be (-141)/(-15) + (-4)/10. Suppose -5*j = -4*w + 65, h*j - 4*j + 35 = 2*w. Let p = w - 22. Give n(p).
9
Suppose 16 = -5*v + 41. Let h = 15 - 20. Let c(o) = 7*o**2 - 11*o. Let n(p) = 10*p**2 - 16*p. Let q(m) = h*n(m) + 7*c(m). What is q(v)?
-10
Let i(v) = 18*v**2 + 9*v - 17*v**2 - 34382 + 34376. Determine i(-10).
4
Let g(z) = z**2 - 12*z - 9. Let b be g(13). Let w be 5 - (b + -3)*3. Let c(j) = 4 - j**2 - 6*j**2 + j**3 - 3 + 4*j**2 - w*j. Give c(3).
-5
Let r(l) = 13*l**3 - 16*l**2 + 9*l + 9. Let x(y) = 3*y**3 - 4*y**2 + 2*y + 2. Let q(d) = 2*r(d) - 9*x(d). Suppose 8*n + 24 - 56 = 0. Give q(n).
0
Let o(b) = -b - 7. Suppose 4*k + p = -24, 161*p = 163*p. Give o(k).
-1
Let s(t) = 8*t + 92. Let v be s(-11). Let b(d) = 3*d**2 - 9*d + 1. Determine b(v).
13
Suppose 30 + 3 = -3*r. Let f(s) = s**2 + 10*s - 8. Let v be f(r). Let d(o) = -o**2 - o + 1. Let h(i) = -4*i**2 - 7*i + 1. Let u(l) = 5*d(l) - h(l). Give u(v).
1
Let t be ((-1)/(-3))/(8/72). Let r(n) = n - 9. Let f(b) = 20. Let k(p) = -1. Let i(h) = f(h) + 25*k(h). Let c(s) = t*r(s) - 5*i(s). Calculate c(2).
4
Let q(t) = 6*t**3 - t**2 + 2*t - 1. Let n(d) = 0*d + 2*d + 11*d**3 - 2*d**2 - 6*d**3. Let w(u) = -5*n(u) + 4*q(u). Calculate w(5).
11
Let u(s) = s**3 + 3*s**2 + s - 4. Let q(b) = b**2 - 5*b + 1. Let c be q(1). Determine u(c).
-7
Let i(b) = 4*b + 7. Let j = 117 - 119. Let x(s) = 5*s + 8. Let o(v) = j*x(v) + 3*i(v). Determine o(-4).
-3
Let d(v) = 788*v**3 + 2*v - 4*v - 1 - v**2 - 1576*v**3 + 798*v**3. Let s(m) = m - 9. Let x be s(8). Determine d(x).
-10
Let v = 3 - 0. Let h(g) be the second derivative of g**6/720 - g**5/40 + g**4/2 - 9*g. Let f(j) be the third derivative of h(j). Determine f(v).
0
Suppose 0 = -5*w + 1 + 4. Let t(f) = 2*f - 5 + f**2 + w + 2. Give t(2).
6
Let z(n) be the third derivative of n**3 + 1/4*n**4 + 1/120*n**6 + 0*n + 1/12*n**5 + 17*n**2 + 0. Calculate z(-4).
-2
Let f = 36 - 29. Suppose f*d - 3*d = 2*x + 12, 3*x = 0. Let n(c) = -c**3 + 3*c**2 - 2*c - 2. Give n(d).
-8
Let q(g) = -g - 8. Suppose 52*p - 50*p - 74 = 0. Let n = 37 - p. Determine q(n).
-8
Let j be (-2)/4 - 22/(-4). Let d(v) = 19*v**2 + 6*v - 3. Let w(p) = 105*p**2 + 31*p - 17. Let t(q) = -11*d(q) + 2*w(q). Determine t(j).
4
Suppose 17*n + 0 = 102. Let t(i) = i**3 - i**2 - 1. Let c(l) = -6*l**3 + 10*l**2 + 5*l - 1. Let b(f) = -c(f) - 5*t(f). Calculate b(n).
12
Let p(u) = u - 8. Let k be p(6). Let m be k/4*(2 - 2). Let a(i) = m - i - 1 - 1 + i**2 + 0*i. Give a(-2).
4
Suppose -99 = -3*n + 3*c, -c + 2*c = 2. Suppose -n = 11*y - 6*y. Let a(k) = -k - 2. Determine a(y).
5
Let w(h) = -1141*h + 2283*h - 1139*h - 10*h**2. Determine w(2).
-34
Let o(v) = -2*v**3 + 6*v**2 + 10*v - 7. Let f(i) = 5*i**3 - 18*i**2 - 28*i + 21. Let j(c) = -3*f(c) - 8*o(c). Give j(-4).
9
Let a(w) = w**3 - 3*w**2 + 29*w - 7. Let g(n) = -n**2 + 5*n - 1. Let b(m) = -a(m) + 6*g(m). Calculate b(-2).
-5
Let u(g) = -g**2 - 12*g + 6. Let h(c) = c**2 - 3*c - 8. Let v be h(5). Let b(z) = z**2 + z. Let j(w) = v*b(w) + u(w). What is j(7)?
-15
Let p be 1/1*(-4 - 1). Let j(f) be the third derivative of -f**5/60 - f**4/8 + 5*f**3/6 - f**2 - 1982*f. Determine j(p).
-5
Suppose -r + 3 = -2*r. Let f(v) be the third derivative of -v**6/120 - v**5/30 + 5*v**4/24 + v**3/3 + 7*v**2 + 95. Determine f(r).
-4
Let c = 9 + -9. Suppose -4*f = -12, c*f = -x + f - 3. Let a(v) = 0 + v**2 + 1 - 2*v**2 + x. What is a(0)?
1
Let u(l) be the second derivative of l**4/24 - l**3/3 + 3*l**2/2 - 4*l. Let c(f) be the first derivative of u(f). Let x be c(4). Let p(t) = 3*t. What is p(x)?
6
Suppose -38*p - 5*d + 10 = -33*p, 2*p + d - 4 = 0. Let u(q) = 4*q + 5*q - q - 2. Calculate u(p).
14
Let d(v) = -1 - 6*v**3 + 5*v**3 + 4 - 13*v**2. Let c(b) = 14*b**2 - 580*b - 349. Let i be c(42). Determine d(i).
3
Suppose -116 + 28 = 2*m. Let q = m - -48. Let i(h) = h - 4. Calculate i(q).
0
Let a be (-23 + 26 - (1 - 1)) + -1. Let d(g) = -g. Let r(y) = 6*y - 2. Let j(m) = -5*d(m) - r(m). Calculate j(a).
0
Let o(f) be the second derivative of f**4/12 + 7*f**3/6 + 3*f**2 - f + 944. Give o(-4).
-6
Let y(p) = 5 - p**2 + 0*p**2 - 3 - p. Suppose a = -4 + 1, 4*m - 14 = 2*a. Determine y(m).
-4
Let y(p) = -14*p**2 + p + 1. Let r be 2/(3/(-1 - 2)). Let f = -3 - r. Determine y(f).
-14
Let p(l) be the third derivative of -l**4/6 - 2*l**3/3 - l**2. Let g(d) = 3*d + 3. Suppose 12 = 4*m + 20. Let x(y) = m*p(y) - 3*g(y). Give x(5).
-6
Let x(c) = -c**3 + 5*c**2 - 2*c. Let m = -7 + 10. Suppose -3*u = 4*g - 22, -5 = g - m*u - 3. Suppose 0*f + f + 16 = 4*w, -w + g = f. What is x(w)?
8
Let y(z) = -7*z**2 - 10*z + 1. Let h be y(-2). Let j(q) = -5*q - 16. Calculate j(h).
19
Let g(y) = -6*y + 8. Let k(l) = -l + 2. Let a(x) = g(x) - 3*k(x). Suppose -c + 2*v + 0*v = -13, -2*c = 3*v - 5. Calculate a(c).
-19
Let l be (-1 + -1)*(0 + -4). Let i(s) = -2*s**3 - 6*s**2 + 7*s + 12. Let y(a) = -5*a**3 - 11*a**2 + 14*a + 26. Let p(j) = 7*i(j) - 3*y(j). Determine p(l).
-2
Let r(j) = j - 20. Suppose -4*d - 8 + 61 = 3*f, -4*d - 42 = -2*f. Give r(f).
-1
Let q = 22 - 16. Let y(j) be the third derivative of j**4/4 - 2*j**3/3 - 28*j**2. Let k(t) = 6*t - 5. Let d(f) = q*y(f) - 5*k(f). Give d(-1).
-5
Let a(m) = 3*m + 4 - 4*m - 2*m**3 + m**3. Suppose 3*l + 7 = -d - 4, 5*d = -5*l - 25. Let u be (-5 - d - -3)/2. Calculate a(u).
4
Let g(h) = -h**2 + 17*h - 22. Let n be g(15). Let r = n - 7. Let x(f) = 3*f**2. Give x(r).
3
Let x be 4/(-14) - 4/(-14). Let w(k) = 11*k - 23*k - 3 + 14*k. Determine w(x).
-3
Let s be 934/(-10) + (-10)/(-25). Let l = -85 - s. Let k(x) = -x**2 + 9*x - 3. What is k(l)?
5
Let a(b) = 13*b + 24. Let r(i) = 16*i + 23. Let q(z) = -4*a(z) + 3*r(z). Determine q(0).
-27
Suppose 2*x + 28 = 16*x. Let k(l) = 2 - 4*l - 4*l + 6*l. Give k(x).
-2
Let d(m) = 26*m**3 + 6*m**3 - 1 + 0 - 89*m + m**2 + 88*m. Give d(-1).
-31
